4 and c.
34
Let r be (-288)/(-20) - ((-3)/5 + 0). Let y(n) = n**2 - 8*n + 6. Let w be y(5). Let x be 2/(-9) - 1082/w. Calculate the highest common divisor of x and r.
15
Let y(n) = 26*n**2 + 6*n + 4. Let l be y(-1). What is the greatest common divisor of l and 168?
24
Let m = 111 + -66. Suppose -21*z + 16*z = -25. Suppose -m = 2*s - z*s. What is the greatest common divisor of s and 30?
15
Let i be (-266)/3*((-2793)/(-38))/(-49). What is the greatest common factor of 2527 and i?
133
Let f(l) = 8*l - 229. Let d be f(38). Calculate the greatest common factor of d and 25.
25
Suppose 5*l = -10*z + 9*z, l + 19 = -4*z. Let w be (3 - 2)*l*(-1 + 14). What is the highest common divisor of 91 and w?
13
Let o = -875 - -1681. Calculate the highest common factor of 62 and o.
62
Suppose 80*h - 77*h - 57 = 0. Let a = 55 - h. Calculate the highest common divisor of 12 and a.
12
Suppose -5*t + 123 = 23. What is the greatest common divisor of 12 and t?
4
Let p = 801 - -193. Calculate the greatest common divisor of 14 and p.
14
Let h(f) = 3*f**2 - 6 + 530*f - 536*f + 0. Let x be h(-2). Calculate the highest common divisor of 162 and x.
18
Let p be 5*3*10/6. Let i(q) = 15*q - 125. Let d be i(20). Calculate the highest common factor of p and d.
25
Let u = -61 + 75. Suppose -7*b - 1701 = -u*b. Suppose -2*w - 2*g = -60 - 2, 89 = 3*w + 2*g. Calculate the greatest common divisor of w and b.
27
Let o = 1617 + -1449. What is the greatest common divisor of o and 120?
24
Let q be (9/12)/((-1)/12). Let u(y) = 5*y**2 - 8*y + 10. Let x be u(2). Let t = q + x. Calculate the greatest common divisor of 15 and t.
5
Suppose 14 - 10 = 2*y. Let f be 1480/5 - y*-2. What is the greatest common divisor of 12 and f?
12
Let r be -3*(-3 + 2) + 2. Let q = -75 - -138. Let f = q + -48. Calculate the greatest common factor of r and f.
5
Suppose g = -8*p + 3*p + 840, 0 = 2*g. Calculate the greatest common factor of 48 and p.
24
Suppose 0 = 4*m + 2*c - 58, -5*m + 25*c - 26*c = -71. Calculate the highest common factor of m and 574.
14
Let v be (-18)/(((-63)/12)/(-7)). Let z = v - -26. Let p be (3 - 4)/(z/(-110)). What is the greatest common factor of 11 and p?
11
Suppose z = 5*p - 11, p - 4*p + 2*z = -8. Suppose 0 = -k - 2*u + 1, -2*k - 5*u + 5 - 2 = 0. Let t = 3 + k. What is the greatest common factor of t and p?
2
Let h be (60/10 - -8)/((-2)/(-13)). Calculate the highest common divisor of h and 13.
13
Suppose 4*i = v - 187, -v + i = -2*v + 212. Suppose 0 = -4*p - 69 + 161. What is the highest common factor of p and v?
23
Let n = -366 - -423. What is the greatest common divisor of 247 and n?
19
Suppose 2*o + 54 = 5*o. Let z be (23 + 1)*6/12. Calculate the greatest common divisor of z and o.
6
Suppose 174 = -d + 4*d. Let w = -30 + d. Suppose 10 = -f + w. Calculate the greatest common factor of 54 and f.
18
Let b = -5 + 11. Suppose 34 + 92 = 3*s - 4*c, 0 = s - c - 42. Calculate the greatest common divisor of s and b.
6
Suppose 3*o - 36 = 3*j - 0, -2*j = o - 18. Calculate the highest common factor of 1358 and o.
14
Let p(d) = 39*d**2 - d. Let o be p(1). What is the highest common divisor of o and 57?
19
Let n(u) = 18*u - 4. Let z be n(3). Suppose -53*h + 71 + 459 = 0. Calculate the highest common factor of z and h.
10
Let p be (-104)/(-39)*3/(-4)*-1. Suppose -s - k + 7 = p*s, -3*s - 5*k + 11 = 0. What is the highest common factor of 2 and s?
2
Let i = 731 - 666. What is the greatest common divisor of 3445 and i?
65
Let h be 9/((-216)/16)*-18. Let f be (189/(-3))/((-3)/4). What is the greatest common factor of h and f?
12
Let u(y) = -y**3 - y**2 - 11*y - 9. Let t be u(-8). Calculate the highest common divisor of t and 31.
31
Let p = -189 + 193. Calculate the highest common factor of 6 and p.
2
Let o(n) = -3*n - 21. Let a be o(-7). Let h(k) = k**3 - 3*k + 26. Let t be h(a). What is the greatest common divisor of t and 78?
26
Let p = -33 - -69. Let i be 186/4 + 15/10. Calculate the greatest common divisor of p and i.
12
Let a be (-3 + 6)/(6/30). Calculate the greatest common factor of a and 885.
15
Suppose 594 = 18*c - 9*c. Calculate the greatest common factor of c and 12.
6
Suppose -4*i - 13*m = -9*m - 1344, 3*i = 5*m + 984. Calculate the greatest common divisor of i and 37.
37
Let m be 3*(-1)/6*4. Let s be (-2)/(-4) - 223/m. Suppose -3*t + s = -t. Calculate the highest common divisor of 7 and t.
7
Let l = -142 + 161. What is the greatest common divisor of l and 304?
19
Suppose t + 2*t - 33 = 4*z, 0 = t + 4*z - 27. Let n be 1250/8 + (-3)/12. Let g = 276 - n. What is the highest common factor of t and g?
15
Suppose 3*f + 97 = 385. Calculate the greatest common factor of 80 and f.
16
Let x = -27 + 30. Suppose 0 = -4*i - 6 + 2, 5*i = 4*b - 21. Suppose -4*a + 3*a = -5, 0 = y + b*a - 23. What is the highest common divisor of y and x?
3
Let q = 80 + -63. Suppose 23 = 5*v - 2. Suppose -t + 8 = -v*t, 0 = p + 5*t - 126. Calculate the greatest common divisor of q and p.
17
Let v = -27 - -52. Calculate the highest common divisor of 5 and v.
5
Let x = -2 + 77. Calculate the greatest common factor of 75 and x.
75
Let y = -24 + 95. Let k be (9 + y)/(2/4). Calculate the highest common factor of 64 and k.
32
Suppose 0 = -3*q - 3*o - 9, 5*q + 15 = q - 3*o. Let s be (-125)/q + 3/18. Calculate the greatest common divisor of s and 3.
3
Suppose 0 = x + 2*j - 48, -6*j + 20 = -j. What is the highest common divisor of 680 and x?
40
Suppose 2*s + 4*c - 396 = 0, 0 = 3*s - 6*c + 3*c - 639. Let m(k) = k**3 - k**2 - 4*k + 7. Let v be m(3). What is the highest common divisor of v and s?
13
Let y be 2/((-8)/214)*-2. Let d(s) = 9*s**2 + 7*s - 11. Let l be d(4). Let z = l - y. What is the greatest common factor of 18 and z?
18
Let y be (-2)/5 + (-12)/(-5). Suppose -y*x - 8*x = -40. What is the greatest common divisor of x and 6?
2
Let y = -359 - -1192. What is the greatest common factor of 49 and y?
49
Let l(a) = -7*a**2 + 5*a - 5. Let x(p) = 3*p**2 - 2*p + 2. Let g(s) = 2*l(s) + 5*x(s). Let v be g(3). Calculate the highest common divisor of 18 and v.
9
Let i(o) = -o**3 - 11*o**2 - 18*o + 18. Let d be i(-9). Calculate the highest common factor of d and 576.
18
Let u be (-5)/(-3) + (-2)/(-6). Let h(q) = 2*q**2 - 3*q + 3. Let l be h(u). Calculate the highest common divisor of 10 and l.
5
Let r = 42 + -115. Let s = 8 - r. Calculate the highest common divisor of 54 and s.
27
Let z(r) = 26*r - 6. Let y = 13 - 5. Let m be z(y). Let k = 310 - m. Calculate the highest common divisor of 12 and k.
12
Suppose 0 = k - 2*k + 93. Let h = k - 63. Calculate the greatest common divisor of 210 and h.
30
Let t be ((-490)/(-350))/(2/10). Let i be 78/((2/2)/1). Let j = 127 - i. What is the greatest common divisor of t and j?
7
Let t be 13*7/(7/2). Calculate the greatest common factor of t and 2.
2
Let c be (2 - (-454)/4)*6/9. What is the highest common divisor of c and 11?
11
Let b(o) = 4*o**3 - 3*o**2 - 8*o - 10. Let v be b(5). Calculate the greatest common factor of 75 and v.
75
Let o be 4156/68 - (4 + 462/(-119)). What is the highest common divisor of o and 976?
61
Suppose -5*c = -8*c - 168. Suppose a + a = -224. Let q = c - a. What is the greatest common factor of 7 and q?
7
Suppose 0 = 5*q - 210 - 45. Suppose -q = -5*d - 6. Calculate the highest common factor of d and 9.
9
Let k = 15 - 11. Suppose -4*p - k*c - 56 = 0, 0*c = -5*p + 5*c - 20. Let g be p/(-4)*40/6. Calculate the highest common divisor of g and 90.
15
Suppose 2*o + 3*f - 513 + 88 = 0, f = 5. Let w(k) = 2*k**3 + 4*k**2 - 4*k + 4. Let m be w(3). Calculate the highest common factor of o and m.
41
Suppose -2*u - 82 = -3*q - 0*q, 0 = 4*u - 4. Calculate the greatest common factor of q and 7.
7
Suppose 5*q - 191 = 84. Let k be (-1)/3 - 1/((-9)/48). Suppose -k*j = -3*c - 31 - 0, 4*c = 2*j - 18. What is the highest common divisor of j and q?
5
Let t = -89 - -49. Let j be (t/32)/((-1)/4). Suppose 0 = h + 4*z - 76, 4*z - 682 + 254 = -j*h. Calculate the greatest common divisor of 11 and h.
11
Suppose 479*o - 488*o + 18189 = 0. Calculate the highest common divisor of o and 47.
47
Let k(j) = j**2 - 8*j + 9. Let x be k(12). Calculate the greatest common divisor of 304 and x.
19
Suppose -w = 5*g - 3319, -3*g = -4*g - 4*w + 679. What is the greatest common divisor of g and 39?
39
Let q = 518 + -4